{"id":5,"date":"2011-12-11T02:33:43","date_gmt":"2011-12-11T02:33:43","guid":{"rendered":"http:\/\/unnurkaren.com\/matur\/?page_id=5"},"modified":"2015-02-20T10:43:46","modified_gmt":"2015-02-20T10:43:46","slug":"um-mig","status":"publish","type":"page","link":"https:\/\/unnurkaren.com\/matur\/um-mig\/","title":{"rendered":"Um mig!"},"content":{"rendered":"<p>\u00c9g heiti Unnur Karen og er t\u00f6lvunarfr\u00e6\u00f0ingur me\u00f0 endalaust mikinn \u00e1huga \u00e1 allt sem vi\u00f0 kemur matarger\u00f0 og bakstri. Hef mikla \u00fe\u00f6rf til a\u00f0 mi\u00f0la uppskriftum og hugmyndum og er lengi lengi b\u00fain a\u00f0 vera \u00e1 lei\u00f0inni a\u00f0 b\u00faa til blogg. H\u00e9r kemur \u00fea\u00f0 loksins!<\/p>\n<p>Ef \u00feig vantar a\u00f0 n\u00e1 \u00ed mig er netfangi\u00f0 mitt unnurkaren[a]gmail.com. <\/p>\n<p>A\u00f0 gefnu tilefni vil \u00e9g taka \u00fea\u00f0 fram a\u00f0 myndir \u00e1 s\u00ed\u00f0unni eru \u00ed minni eign og ekki leyfilegt a\u00f0 nota \u00fe\u00e6r annars sta\u00f0ar \u00e1n leyfis.<\/p>\n","protected":false},"excerpt":{"rendered":"<p>\u00c9g heiti Unnur Karen og er t\u00f6lvunarfr\u00e6\u00f0ingur me\u00f0 endalaust mikinn \u00e1huga \u00e1 allt sem vi\u00f0 kemur matarger\u00f0 og bakstri. Hef mikla \u00fe\u00f6rf til a\u00f0 mi\u00f0la uppskriftum og hugmyndum og er lengi lengi b\u00fain a\u00f0 vera \u00e1 lei\u00f0inni a\u00f0 b\u00faa til blogg. H\u00e9r kemur \u00fea\u00f0 loksins! Ef \u00feig vantar a\u00f0 n\u00e1 \u00ed mig er netfangi\u00f0 mitt [&hellip;]<\/p>\n","protected":false},"author":1,"featured_media":0,"parent":0,"menu_order":2,"comment_status":"open","ping_status":"closed","template":"","meta":{"om_disable_all_campaigns":false,"_monsterinsights_skip_tracking":false,"_monsterinsights_sitenote_active":false,"_monsterinsights_sitenote_note":"","_monsterinsights_sitenote_category":0,"_uf_show_specific_survey":0,"_uf_disable_surveys":false,"footnotes":""},"class_list":["post-5","page","type-page","status-publish","hentry"],"aioseo_notices":[],"_links":{"self":[{"href":"https:\/\/unnurkaren.com\/matur\/wp-json\/wp\/v2\/pages\/5","targetHints":{"allow":["GET"]}}],"collection":[{"href":"https:\/\/unnurkaren.com\/matur\/wp-json\/wp\/v2\/pages"}],"about":[{"href":"https:\/\/unnurkaren.com\/matur\/wp-json\/wp\/v2\/types\/page"}],"author":[{"embeddable":true,"href":"https:\/\/unnurkaren.com\/matur\/wp-json\/wp\/v2\/users\/1"}],"replies":[{"embeddable":true,"href":"https:\/\/unnurkaren.com\/matur\/wp-json\/wp\/v2\/comments?post=5"}],"version-history":[{"count":5,"href":"https:\/\/unnurkaren.com\/matur\/wp-json\/wp\/v2\/pages\/5\/revisions"}],"predecessor-version":[{"id":827,"href":"https:\/\/unnurkaren.com\/matur\/wp-json\/wp\/v2\/pages\/5\/revisions\/827"}],"wp:attachment":[{"href":"https:\/\/unnurkaren.com\/matur\/wp-json\/wp\/v2\/media?parent=5"}],"curies":[{"name":"wp","href":"https:\/\/api.w.org\/{rel}","templated":true}]}}